{"id":72,"date":"2015-03-01T13:16:21","date_gmt":"2015-03-01T12:16:21","guid":{"rendered":"http:\/\/rheinhausen-am-niederrhein.de\/wordpress\/?page_id=72"},"modified":"2015-03-01T13:16:21","modified_gmt":"2015-03-01T12:16:21","slug":"lehrerhaus","status":"publish","type":"page","link":"https:\/\/rheinhausen-am-niederrhein.de\/?page_id=72","title":{"rendered":"Lehrerhaus"},"content":{"rendered":"<p align=\"center\"><span style=\"font-family: Arial; font-size: x-large;\">Das Lehrerhaus<\/span><\/p>\n<p align=\"center\"><img decoding=\"async\" loading=\"lazy\" src=\"http:\/\/rheinhausen-am-niederrhein.de\/pics\/Lehrerhaus_sm.jpg\" alt=\"\" width=\"461\" height=\"346\" border=\"0\" \/><\/p>\n<p align=\"left\"><span style=\"font-family: Arial;\">Das Lehrerhaus im Friemersheimer Dorf ist Sitz und Heimatmuseum des <a href=\"http:\/\/www.lehrerhaus-friemersheim.de\/\">&#8222;Freundeskreis Lebendige Grafschaft&#8220;<\/a>. Hier k\u00f6nnen Sie unz\u00e4hlige Kostbarkeiten aus der Vergangenheit der Region bestaunen und den alten Klassenraum besichtigen. Schulklassen k\u00f6nnen nach Absprache hier sogar eine &#8222;richtige&#8220; Unterrichtsstunde wie zu Gro\u00dfvaters Zeiten erleben. Das Standesamt bietet in Zusammenarbeit mit dem Freundeskreis sogar Trauungen im einmaligen Ambiente des Lehrerhauses an.<\/span><\/p>\n<p align=\"center\"><span style=\"font-family: Arial;\">Schauen Sie sich ruhig mal um:<\/span><\/p>\n<p align=\"center\"><span style=\"font-family: Arial;\"> <a href=\"http:\/\/rheinhausen-am-niederrhein.de\/pics\/lehrerhausFR\/Lehrerhaus01.jpg\" data-lightbox=\"gal[72]\"> <img decoding=\"async\" src=\"http:\/\/rheinhausen-am-niederrhein.de\/Lehrerhaus01_small.jpg\" alt=\"Lehrerhaus und Schulgeb\u00e4ude\" border=\"2\" \/><\/a><a href=\"http:\/\/rheinhausen-am-niederrhein.de\/pics\/lehrerhausFR\/Lehrerhaus02.jpg\" data-lightbox=\"gal[72]\"><img decoding=\"async\" src=\"http:\/\/rheinhausen-am-niederrhein.de\/Lehrerhaus02_small.jpg\" alt=\"Klassenraum - Blick zum Lehrer\" border=\"2\" \/><\/a><a href=\"http:\/\/rheinhausen-am-niederrhein.de\/pics\/lehrerhausFR\/Lehrerhaus03.jpg\" data-lightbox=\"gal[72]\"><img decoding=\"async\" src=\"http:\/\/rheinhausen-am-niederrhein.de\/Lehrerhaus03_small.jpg\" alt=\"Klassenraum - Blick vom Lehrer aus\" border=\"2\" \/><\/a><a href=\"http:\/\/rheinhausen-am-niederrhein.de\/pics\/lehrerhausFR\/Lehrerhaus08.jpg\" data-lightbox=\"gal[72]\"><img decoding=\"async\" src=\"http:\/\/rheinhausen-am-niederrhein.de\/Lehrerhaus08_small.jpg\" alt=\"Ein Grafschafter Salon mit 2 Puppen in Original-Tracht\" border=\"2\" \/><\/a><br \/>\n<a href=\"http:\/\/rheinhausen-am-niederrhein.de\/pics\/lehrerhausFR\/Lehrerhaus05.jpg\" data-lightbox=\"gal[72]\"><img decoding=\"async\" src=\"http:\/\/rheinhausen-am-niederrhein.de\/Lehrerhaus05_small.jpg\" alt=\"Helmut Mootz macht eine F\u00fchrung\" border=\"2\" \/><\/a><a href=\"http:\/\/rheinhausen-am-niederrhein.de\/pics\/lehrerhausFR\/Lehrerhaus06.jpg\" data-lightbox=\"gal[72]\"><img decoding=\"async\" src=\"http:\/\/rheinhausen-am-niederrhein.de\/Lehrerhaus06_small.jpg\" alt=\"Ein ordentliches Schlafgemach\" border=\"2\" \/><\/a><a href=\"http:\/\/rheinhausen-am-niederrhein.de\/pics\/lehrerhausFR\/Lehrerhaus07.jpg\" data-lightbox=\"gal[72]\"><img decoding=\"async\" src=\"http:\/\/rheinhausen-am-niederrhein.de\/Lehrerhaus07_small.jpg\" alt=\"Vitrine mit Kostbarkeiten und Waschecke\" border=\"2\" \/><\/a><\/span><a href=\"http:\/\/rheinhausen-am-niederrhein.de\/pics\/lehrerhausFR\/Lehrerhaus07a.jpg\" data-lightbox=\"gal[72]\"><img decoding=\"async\" src=\"http:\/\/rheinhausen-am-niederrhein.de\/Lehrerhaus07a_small.jpg\" alt=\"\" border=\"2\" \/><\/a><a href=\"http:\/\/rheinhausen-am-niederrhein.de\/pics\/lehrerhausFR\/Lehrerhaus07b.jpg\" data-lightbox=\"gal[72]\"><img decoding=\"async\" src=\"http:\/\/rheinhausen-am-niederrhein.de\/Lehrerhaus07b_small.jpg\" alt=\"\" border=\"2\" \/><\/a><span style=\"font-family: Arial;\"><a href=\"http:\/\/rheinhausen-am-niederrhein.de\/pics\/lehrerhausFR\/Lehrerhaus04.jpg\" data-lightbox=\"gal[72]\"><img decoding=\"async\" src=\"http:\/\/rheinhausen-am-niederrhein.de\/Lehrerhaus04_small.jpg\" alt=\"K\u00fcche mit Herd\" border=\"2\" \/><\/a><br \/>\n<a href=\"http:\/\/rheinhausen-am-niederrhein.de\/pics\/lehrerhausFR\/Lehrerhaus12.jpg\" data-lightbox=\"gal[72]\"><img decoding=\"async\" src=\"http:\/\/rheinhausen-am-niederrhein.de\/Lehrerhaus12_small.jpg\" alt=\"Der Kr\u00e4utergarten hinter dem Haus\" border=\"2\" \/><\/a><a href=\"http:\/\/rheinhausen-am-niederrhein.de\/pics\/lehrerhausFR\/Lehrerhaus10.jpg\" data-lightbox=\"gal[72]\"><img decoding=\"async\" src=\"http:\/\/rheinhausen-am-niederrhein.de\/Lehrerhaus10_small.jpg\" alt=\"Eingang mit Schulglocke\" border=\"2\" \/><\/a><a href=\"http:\/\/rheinhausen-am-niederrhein.de\/pics\/lehrerhausFR\/Lehrerhaus09.jpg\" data-lightbox=\"gal[72]\"><img decoding=\"async\" src=\"http:\/\/rheinhausen-am-niederrhein.de\/Lehrerhaus09_small.jpg\" alt=\"Heimische Natur\" border=\"2\" \/><\/a><a href=\"http:\/\/rheinhausen-am-niederrhein.de\/pics\/lehrerhausFR\/Lehrerhaus11.jpg\" data-lightbox=\"gal[72]\"><img decoding=\"async\" src=\"http:\/\/rheinhausen-am-niederrhein.de\/Lehrerhaus11_small.jpg\" alt=\"Schulhof mit Pumpe und H\u00fctte\" border=\"2\" \/><\/a><\/span><\/p>\n<p align=\"left\"><span style=\"font-family: Arial;\">Neben dem Erhalt und der Bewirtschaftung des Lehrerhaus veranstaltet der &#8222;Freundeskreis Lebendige Grafschaft&#8220; im Kulturraum des Lehrerhauses auch regelm\u00e4\u00dfig Literatur-Men\u00fcs mit Lesungen und Rezitationen, wie z.B. die des Homberger Schauspielers Georg Adler, der Texte von Heinz Ehrhardt und Eduard M\u00f6ricke zu Geh\u00f6r brachte, oder vom Team des <a href=\"http:\/\/www.kulturtreff-altedorfschule.de\/\">&#8222;Kulturtreff Alte Dorfschule&#8220;<\/a>, Peter Lufen und Delia Rosenberger-P\u00fcgner, bei einer etwas anderen Lesung mit Musik rund um Sankt Martin: <\/span><\/p>\n<p align=\"center\"><span style=\"font-family: Arial;\"> <img decoding=\"async\" loading=\"lazy\" src=\"http:\/\/rheinhausen-am-niederrhein.de\/pics\/adler01.jpg\" alt=\"Georg Adler inmitten des Publikums zur M\u00f6rike-Lesung\" width=\"410\" height=\"307\" border=\"0\" \/><img decoding=\"async\" loading=\"lazy\" src=\"http:\/\/rheinhausen-am-niederrhein.de\/pics\/LufenRosbP.jpg\" alt=\"Peter Lufen und Delia Rosenberger-P\u00fcgner pr\u00e4sentieren &quot;Mit Mantel. Schwert &amp; Feder&quot;\" width=\"410\" height=\"307\" border=\"0\" \/><\/span><\/p>\n<p align=\"left\"><span style=\"font-family: Arial;\">Au\u00dferdem findet an jedem ersten Sonntag im Monat ein Fr\u00fchschoppen im Lehrerhaus statt, gew\u00fcrzt mit mundartlichen Texten, Geschichten und Gedichten. Au\u00dferdem gibt es einen Arbeitskreis, der sich mit Ahnen- und Familienforschung besch\u00e4ftigt und einen S\u00fctterlin-Kurs. Der Freundeskreis bringt jedes Jahr ein &#8222;Jahrbuch f\u00fcr die linksrheinischen Ortsteile Duisburgs&#8220; heraus, das neben einem R\u00fcckblick auf die aktuellen Ereignisse des Jahres, Beitr\u00e4ge zur Heimat- und Kulturgeschichte, Historisches und Literatur enth\u00e4lt.<\/span><\/p>\n<p>Der Freundeskreis ehrt jedes Jahr Personen oder Institutionen, die sich um die Kulturpflege verdient gemacht haben mit dem Friemersheimer Hahn. Hier \u00fcberreicht G\u00fcnter Pfeiffer, der Vorsitzende des Freundeskreis den Preis an den Schriftsteller Karl-Heinz Winschuh (links):<\/p>\n<p align=\"center\"><span style=\"font-family: Arial;\"> <img decoding=\"async\" loading=\"lazy\" src=\"http:\/\/rheinhausen-am-niederrhein.de\/pics\/HahnWinschuh.jpg\" alt=\"Karl-Heinz Winschuh und G\u00fcnter Pfeiffer\" width=\"410\" height=\"307\" border=\"0\" \/><\/span><\/p>\n<p align=\"left\"><span style=\"font-family: Arial;\">Der Freundeskreis ist auch ein guter Nachbar. Hier nimmt der Pfarrer der Dorfkirche, Werner Kretschmann (links) im Klassenraum einen Scheck f\u00fcr die neue Orgel entgegen. Die Spendensumme ergab sich aus dem Erl\u00f6s der Krupp-Ausstellung, die Wilhelm Driske im Kulturraum durchgef\u00fchrt hatte, die der Freundeskreis deutlich nach oben erweitert hatte: <\/span><\/p>\n<p align=\"center\"><span style=\"font-family: Arial;\"> <img decoding=\"async\" loading=\"lazy\" src=\"http:\/\/rheinhausen-am-niederrhein.de\/pics\/ScheckOrgel.jpg\" alt=\"(v.l.) Werner Kretschmann, Wilhelm Driske, G\u00fcnter Bittlinsky und G\u00fcnter Pfeiffer\" width=\"410\" height=\"307\" border=\"0\" \/><\/span><\/p>\n<p align=\"left\"><span style=\"font-family: Arial;\">Ein besonderer H\u00f6hepunkt ist auch die allj\u00e4hrliche Pflanzenb\u00f6rse, auf der sich alles rund um das Kaufen und Tauschen von Blumen und Pflanzen dreht. Neben Balkon-, Garten- und Teichpflanzen kann man auch Kr\u00e4uter, sowie mediterrane T\u00f6pfe und und allerlei Schmuck f\u00fcr das h\u00e4usliche Pflanzenparadies erwerben:<\/span><\/p>\n<p align=\"center\"><a href=\"http:\/\/rheinhausen-am-niederrhein.de\/pics\/lehrerhausFR\/Pflboerse01.jpg\" data-lightbox=\"gal[72]\"> <img decoding=\"async\" src=\"http:\/\/rheinhausen-am-niederrhein.de\/Pflboerse01_small.jpg\" alt=\"\" border=\"2\" \/><\/a><a href=\"http:\/\/rheinhausen-am-niederrhein.de\/pics\/lehrerhausFR\/Pflboerse02.jpg\" data-lightbox=\"gal[72]\"><img decoding=\"async\" src=\"http:\/\/rheinhausen-am-niederrhein.de\/Pflboerse02_small.jpg\" alt=\"\" border=\"2\" \/><\/a><a href=\"http:\/\/rheinhausen-am-niederrhein.de\/pics\/lehrerhausFR\/Pflboerse03.jpg\" data-lightbox=\"gal[72]\"><img decoding=\"async\" src=\"http:\/\/rheinhausen-am-niederrhein.de\/Pflboerse03_small.jpg\" alt=\"\" border=\"2\" \/><\/a><a href=\"http:\/\/rheinhausen-am-niederrhein.de\/pics\/lehrerhausFR\/Pflboerse04.jpg\" data-lightbox=\"gal[72]\"><img decoding=\"async\" src=\"http:\/\/rheinhausen-am-niederrhein.de\/Pflboerse04_small.jpg\" alt=\"\" border=\"2\" \/><\/a><\/p>\n","protected":false},"excerpt":{"rendered":"<p>Das Lehrerhaus Das Lehrerhaus im Friemersheimer Dorf ist Sitz und Heimatmuseum des &#8222;Freundeskreis Lebendige Grafschaft&#8220;. Hier k\u00f6nnen Sie unz\u00e4hlige Kostbarkeiten aus der Vergangenheit der Region bestaunen und den alten Klassenraum besichtigen. Schulklassen k\u00f6nnen nach Absprache hier sogar eine &#8222;richtige&#8220; Unterrichtsstunde wie zu Gro\u00dfvaters Zeiten erleben. Das Standesamt bietet in Zusammenarbeit mit dem Freundeskreis sogar Trauungen [&hellip;]<\/p>\n","protected":false},"author":1,"featured_media":0,"parent":44,"menu_order":0,"comment_status":"closed","ping_status":"closed","template":"","meta":[],"_links":{"self":[{"href":"https:\/\/rheinhausen-am-niederrhein.de\/index.php?rest_route=\/wp\/v2\/pages\/72"}],"collection":[{"href":"https:\/\/rheinhausen-am-niederrhein.de\/index.php?rest_route=\/wp\/v2\/pages"}],"about":[{"href":"https:\/\/rheinhausen-am-niederrhein.de\/index.php?rest_route=\/wp\/v2\/types\/page"}],"author":[{"embeddable":true,"href":"https:\/\/rheinhausen-am-niederrhein.de\/index.php?rest_route=\/wp\/v2\/users\/1"}],"replies":[{"embeddable":true,"href":"https:\/\/rheinhausen-am-niederrhein.de\/index.php?rest_route=%2Fwp%2Fv2%2Fcomments&post=72"}],"version-history":[{"count":0,"href":"https:\/\/rheinhausen-am-niederrhein.de\/index.php?rest_route=\/wp\/v2\/pages\/72\/revisions"}],"up":[{"embeddable":true,"href":"https:\/\/rheinhausen-am-niederrhein.de\/index.php?rest_route=\/wp\/v2\/pages\/44"}],"wp:attachment":[{"href":"https:\/\/rheinhausen-am-niederrhein.de\/index.php?rest_route=%2Fwp%2Fv2%2Fmedia&parent=72"}],"curies":[{"name":"wp","href":"https:\/\/api.w.org\/{rel}","templated":true}]}}